{"id":66,"date":"2016-04-05T16:54:46","date_gmt":"2016-04-05T16:54:46","guid":{"rendered":"http:\/\/knjiz-test.tk\/?page_id=66"},"modified":"2016-04-05T16:54:46","modified_gmt":"2016-04-05T16:54:46","slug":"tenen-zavicajna-zbirka","status":"publish","type":"page","link":"https:\/\/nkknin.hr\/index.php\/tenen-zavicajna-zbirka\/","title":{"rendered":"TENEN \u2013 ZAVI\u010cAJNA ZBIRKA"},"content":{"rendered":"<p>U Zavi\u010dajnoj zbirci \u2013 Tenen pohranjena je gra\u0111a koja se odnosi na Knin i njegovo podru\u010dje (bilo da je sadr\u017eajem, autorstvom ili mjestom izdanja vezana za Knin): ome\u0111ene publikacije, monografije, serijske publikacije, rukopisna gra\u0111a, audiovizualna gra\u0111a, planovi mjesta i zemljovidi, slikovna gra\u0111a (likovni radovi, reprodukcije, portreti, fotografije, razglednice), polupublicirana gra\u0111a (znanstvene i stru\u010dne polupublikacije, dru\u0161tveno-politi\u010dke publikacije tj. materijali sa sjednica i sl., programi i izvje\u0161taji o radu poduze\u0107a) i efemerna gra\u0111a (plakati, leci, ulaznice i sl.).<br \/>\nGra\u0111a je za\u0161ti\u0107ena i nije za posudbu izvan Knji\u017enice, nego se koristi u prostoriji Zavi\u010dajne zbirke ili u Studijskoj \u010ditaonici.<\/p>\n<p>Zbirka trenutno posjeduje 82 publikacije. Vrijedan dio zbirke \u010dine ove publikacije:<br \/>\nKninski zbornik (1993.); Knin \u2013 kninska tvr\u0111ava \/ Manda Zeli\u0107 (2006.); Kr\u0161\u0107anska arheologija \/ Vicko Kapitanovi\u0107 (2006.); Starohrvatske nekropole \/ Du\u0161an Jelovina (1976.); Knin \/ Pa\u0161ko Pai\u0107 (1998.); Hrvatski spomenici u kninskoj okolici \/ Frane Buli\u0107 (1995.); Kijevo i okolica \/ Ante Kova\u010devi\u0107 (2000.); Kninski pisci svome gradu (2000.); Ljetopis samostana Svetoga Ante (1998.); Knin i TVIK \/ Zdravko Ra\u0161eta (1987.); Knin \u2013 klju\u010d Hrvatske i vrata Dalmacije (2007.) \/ Ante N. Tadi\u0107 \u2013 \u0160utra; Knin na starim razglednicama (2007.); Fra Lujo Marun \/ Karlo Juri\u0161i\u0107 (1979.); Arheolo\u0161ki vodi\u010d po kninskom podru\u010dju \/ Katarina Gugo (2004.); Starohrvatsko kulturno blago \/ Du\u0161an Jelovina (1989.); 10. obljetnica \u201eOluje\u201c (1995.-2005.) : zbornik radova sa Znanstvenog skupa 10. obljetnica \u201eOluje\u201c, Kninski muzej, 4. kolovoza 2005. \/ [glavni urednik Drago Margu\u0161] (2008.).<\/p>\n","protected":false},"excerpt":{"rendered":"<p>U Zavi\u010dajnoj zbirci \u2013 Tenen pohranjena je gra\u0111a koja se odnosi na Knin i njegovo podru\u010dje (bilo da je sadr\u017eajem, autorstvom ili mjestom izdanja vezana za Knin): ome\u0111ene publikacije, monografije, serijske publikacije, rukopisna gra\u0111a, audiovizualna gra\u0111a, planovi mjesta i zemljovidi, slikovna gra\u0111a (likovni radovi, reprodukcije, portreti, fotografije, razglednice), polupublicirana gra\u0111a (znanstvene i stru\u010dne polupublikacije, dru\u0161tveno-politi\u010dke [&hellip;]<\/p>\n","protected":false},"author":1,"featured_media":0,"parent":0,"menu_order":0,"comment_status":"closed","ping_status":"closed","template":"","meta":[],"_links":{"self":[{"href":"https:\/\/nkknin.hr\/index.php\/wp-json\/wp\/v2\/pages\/66"}],"collection":[{"href":"https:\/\/nkknin.hr\/index.php\/wp-json\/wp\/v2\/pages"}],"about":[{"href":"https:\/\/nkknin.hr\/index.php\/wp-json\/wp\/v2\/types\/page"}],"author":[{"embeddable":true,"href":"https:\/\/nkknin.hr\/index.php\/wp-json\/wp\/v2\/users\/1"}],"replies":[{"embeddable":true,"href":"https:\/\/nkknin.hr\/index.php\/wp-json\/wp\/v2\/comments?post=66"}],"version-history":[{"count":1,"href":"https:\/\/nkknin.hr\/index.php\/wp-json\/wp\/v2\/pages\/66\/revisions"}],"predecessor-version":[{"id":67,"href":"https:\/\/nkknin.hr\/index.php\/wp-json\/wp\/v2\/pages\/66\/revisions\/67"}],"wp:attachment":[{"href":"https:\/\/nkknin.hr\/index.php\/wp-json\/wp\/v2\/media?parent=66"}],"curies":[{"name":"wp","href":"https:\/\/api.w.org\/{rel}","templated":true}]}}